t of (s/8)/(329/(-56) - -6)?
0
Let g = 285 - 190. Suppose 4*u = 9*u - g. Let m = u + -16. What is the units digit of m?
3
Suppose 180496 = 2143*l - 2127*l. What is the units digit of l?
1
Let n be 19718/20 - 4/(-40). Suppose 5*u + 2*q - 1239 = 0, 4*u = -6*q + 7*q + n. What is the hundreds digit of u?
2
Suppose -4*l + 3*j = -232491 - 25292, -5*l = 3*j - 322168. What is the hundreds digit of l?
4
Let t = 5686 + 7092. What is the tens digit of t?
7
What is the tens digit of 39/(429/220) - -7335?
5
Suppose 291999 - 659370 = -176*z + 892437. What is the units digit of z?
8
What is the tens digit of 21/9*1/((-14)/(-378))?
6
Let k(t) = -5*t**3 - 2*t**2 - 2*t - 1. Let s be k(-1). Suppose -5*z - 3*y = -500, 3*y + 257 - 57 = 2*z. Suppose -z = -r - s*r. What is the units digit of r?
0
Suppose 258*c - 1633410 = -275009 + 279641. What is the thousands digit of c?
6
Let w(c) = 3*c**3 - 2*c**2 - 10*c + 5. Let k(t) = 4*t**3 - 3*t**2 - 11*t + 6. Let h(r) = -4*k(r) + 5*w(r). What is the units digit of h(-5)?
6
Let l(o) = 5*o - 2. Let z be l(-1). Let t(h) = -24*h + 225. What is the units digit of t(z)?
3
Let l = -2254 + 4745. What is the hundreds digit of l?
4
Let a(z) = -8*z + 2. Let o be a(-7). Suppose -59*y = -o*y - 136. What is the tens digit of y?
3
Let u(x) = 9*x + 11. Let i(y) = 8*y + 12. Let t(m) = 5*i(m) - 6*u(m). Let l be t(-6). Suppose -3*w = -195 + l. What is the units digit of w?
9
Let n(u) = 55*u**3 + 3*u**2 + 5*u + 5. Let y be n(-2). What is the units digit of ((-4)/6)/((-4)/(-24)) - y?
9
Let j(m) be the second derivative of m**3/6 - 5*m**2 - 7*m. Let t be j(5). Let a = 25 - t. What is the units digit of a?
0
Let u = -4771 - -11478. What is the units digit of u?
7
Suppose -16867 = -10*k + 5843. What is the thousands digit of k?
2
Suppose 0 = 36*v - 23*v + 28210. What is the tens digit of v/28*4/(-5)?
6
Let k be 5 + 10/(-8 + 3). Suppose w - 6*a + 8*a = 10, -w + k*a = 5. Suppose -642 = -w*g + 90. What is the tens digit of g?
8
Suppose -2*u + 133994 = 4*p, 2*p + u - 167497 = -3*p. What is the ten thousands digit of p?
3
Suppose 4*z = 3*q - 8, 0*z = -4*q + 3*z + 13. Let j be 10/25 - (-7)/((-35)/22). What is the tens digit of (q/2)/(j*3/(-306))?
5
Let w(b) = -4*b**3 - 7*b**2 - 6*b - 5. Suppose 13 = -m + 3*l + 4, -5*l = 5*m + 5. What is the tens digit of w(m)?
5
Let q = -37808 + 94928. What is the tens digit of q?
2
Let j = 70 + -68. Suppose s - 5 = j*o, -4*o - 15 = -3*s - o. Suppose n = s - 1. What is the units digit of n?
4
Let s(d) = -3*d**3 - 9*d**2 - 2*d - 16. Let c be s(7). Let y = c - -2670. What is the tens digit of y/70 + 4/14?
1
Suppose -143*t - 84413 = -3*m - 145*t, 0 = -4*t + 28. What is the tens digit of m?
3
Let r = -34 + -809. Let p = r + 1722. What is the hundreds digit of p?
8
Let b(x) = x**2. Let o(c) = -5*c**2 - 4*c - 7. Let z(n) = 2*b(n) + o(n). Let a be z(-3). What is the units digit of 4/a - (-1038)/22?
7
Let l(p) be the third derivative of p**6/60 - p**5/20 - 7*p**4/6 + 4*p**3/3 + 106*p**2 + 2*p. What is the hundreds digit of l(7)?
3
Let q(u) be the first derivative of u**4/2 - 11*u**3/3 + 15*u**2/2 + 17*u + 173. What is the tens digit of q(9)?
1
Let y = 157591 - 93784. What is the tens digit of y?
0
Let n(r) = r**3 + 5*r**2 - 14*r + 6. Suppose s - 4 + 11 = 0. Let q be n(s). Suppose -147 = -q*w + 357. What is the units digit of w?
4
Let l(d) = 1294*d**2 - 24*d - 35. What is the tens digit of l(-3)?
8
Let m(l) = -228*l + 2393. What is the thousands digit of m(-79)?
0
Suppose 0*r = 2*r - 5*t + 12, 2*t + 8 = 4*r. Suppose -87 = -r*b + 3257. What is the units digit of b?
6
What is the hundreds digit of (-1)/(-4)*30132/31?
2
Let r(o) be the third derivative of o**5/60 - 7*o**4/8 + 3*o**3/2 + 5*o**2. Let s be r(17). What is the tens digit of (-2 - s - 0) + -1?
5
Let n(p) = p**3 + 24*p**2 - 59*p - 65. What is the units digit of n(-20)?
5
Let o(m) = m**2 - 4*m + 7. Let p be o(-3). Suppose 10*v + p = 8*v. What is the tens digit of (-970)/v - ((-16)/(-7) - 2)?
6
Suppose 3*g - 116 = -104. What is the units digit of 0 - 1 - (8/g + -99)?
6
Let w = -4233 - -4686. What is the tens digit of w?
5
Let y = 95 - 2. Let v = y + -108. Let n = v - -68. What is the tens digit of n?
5
Let h be ((-1)/(-2))/((-6)/(-468)). Let m = h - 39. Suppose 2*i + 8 - 192 = m. What is the tens digit of i?
9
Let u(n) = 409*n - 25 + 5*n**2 - n**3 - 391*n - 8. What is the hundreds digit of u(-7)?
4
Let p be 23/2 - (-5 - (-52)/8). Suppose -p - 3238 = -2*s. What is the tens digit of s?
2
Let w(h) be the first derivative of 293*h**4/4 + 2*h**3/3 - 2*h**2 + 3*h - 100. What is the units digit of w(1)?
4
Let b(r) = 3*r + 3. Let z be b(3). Suppose 60 + z = -4*d. What is the tens digit of (-259)/(-9) - 4/d?
2
Let d = -23804 - -25659. What is the tens digit of d?
5
Suppose 6*x - 4*x - 24 = 0. Let t(j) = 2*j - 15. Let l be t(11). Suppose x*y = l*y + 600. What is the hundreds digit of y?
1
Let t(g) = 2*g**2 + 20*g + 6. Let p be t(-6). What is the hundreds digit of 4123/10 + p/140?
4
What is the thousands digit of 40/(-640) - (-337826)/32?
0
Let y be ((-3)/((-15)/(-8)))/(4/(-10)). Suppose -5*x = -0*r - 2*r + 39, y*r - 2*x - 38 = 0. Suppose -2*q = -r*q + 215. What is the units digit of q?
3
Let t(b) = -3309*b + 1272. What is the units digit of t(-8)?
4
Let j(t) = -t**3 - 11*t**2 - 21*t. Let o be j(-9). Suppose h - o = 57. What is the tens digit of h?
8
Let i = -116 + 224. Let z(t) = 2*t + 10. Let n be z(8). Let j = i + n. What is the tens digit of j?
3
Let x = -67 + 72. Suppose -s + x*s = -636. Let n = 367 + s. What is the tens digit of n?
0
Let b(v) be the third derivative of 7*v**4/12 + 77*v**3/3 - v**2 + 83. What is the tens digit of b(0)?
5
Let a = 8292 - -18556. What is the thousands digit of a?
6
What is the thousands digit of 8142973/318 + (-5)/6?
5
Suppose -133*o + 25856 = -129*o. Suppose 8*p + 776 = o. What is the units digit of p?
1
Let g(t) = -t**3 + 6*t**2 + 9*t + 1. Suppose 16 = 2*k + 2. Let m be g(k). Suppose -m*y + 282 = -13*y. What is the tens digit of y?
4
Let s(a) = a**3 + 10*a**2 + 8*a + 14. Let t be s(-9). Suppose -t*p = -21*p. Suppose p*f - 7*f + 392 = 0. What is the tens digit of f?
5
Suppose 22*z = 15*z - 3724. What is the units digit of (-5)/(35/z) + (5 - 1)?
0
Let a = 311 + 145. Suppose -y = 2*l - a, -4*l + 601 + 1227 = 4*y. What is the hundreds digit of y?
4
What is the tens digit of (58/12)/(10*16/1141440)?
8
Let r(g) = g**3 + 6*g**2 + 5*g - 2. Let y be r(-4). Suppose -3*v = -x - y - 2, v = -3*x + 14. Suppose -44 = x*d - 161. What is the units digit of d?
9
Suppose 2*o = 3*i - 905, -3*i + i + 595 = -3*o. Suppose -4*m + 2*m + 142 = 2*v, -3*m = -4*v + i. What is the tens digit of v?
7
Let y(c) = -8*c**3 - c**2 + 4*c + 6. Let r = 176 + -178. What is the tens digit of y(r)?
5
Let f(n) = 841*n**2 - 2*n + 7. Let z be f(2). Suppose 4*t = 11*t - z. What is the tens digit of t?
8
Suppose b = -2*m + 6*b - 2, 0 = -2*m + 2*b + 4. Suppose -3*z - 2*z = -5*f + 30, m*f - 69 = -5*z. What is the units digit of 150/22 + 24/f + -2?
7
Let j be 2/((4 + (-24)/4)/(-683)). Suppose -12121 = -12*t + j. What is the thousands digit of t?
1
Let j(b) = 91*b**2 - 69*b + 62. Let k be j(1). Let w = -11 - 1. Let i = k + w. What is the tens digit of i?
7
Suppose 0 = -27*q + 210866 - 161402 + 382239. What is the tens digit of q?
8
Let y(z) = -5*z - 6. Let w be y(0). Let f(d) = 17*d**2 - 35*d - 186. What is the tens digit of f(w)?
3
Let y = 1440 + -940. Suppose 0 = y*w - 495*w - 6270. What is the tens digit of w?
5
Let p(m) = -4*m**3 - 3*m**2 + 16*m + 107. Let q(t) = -5*t**3 - 4*t**2 + 19*t + 106. Let x(f) = 6*p(f) - 5*q(f). What is the tens digit of x(0)?
1
Suppose 5*l - 31*v - 101962 = -30*v, -5*l - 12*v = -102066. What is the thousands digit of l?
0
Let v = 1679 + -3106. Let i = v + 3080. What is the hundreds digit of i?
6
Let u = -102 + 197. Let p = 136 - u. What is the units digit of p?
1
Let g be (14/(-6))/((-28)/1092). Suppose 0 = r - 24 - g. What is the tens digit of r?
1
Let z = 1095 + 26190. What is the ten thousands digit of z?
2
Suppose -180 = -4*h + 4*g, -5*h + 688 = 2*g + 435. Suppose 5*c - 121 = 3*z, -5*z - 3*c + 8*c = 195. Let p = z + h. What is the tens digit of p?
1
Let m(l) = 696*l - 1831. What is the units digit of m(25)?
9
Suppose 765 = 4*g + 10*w - 11*w, -4*w + 972 = 5*g